et q = -3 + p. List the prime factors of q.
11
Let v = -4 + 1. Let k be -3*(1 - (-13)/v). Let c(b) = -b + 12. What are the prime factors of c(k)?
2
Let u(n) = -14*n**3 - 7*n**2 + 2*n + 11. Let y = -19 + 10. Let v(o) = 7*o**3 + 3*o**2 - o - 5. Let b(s) = y*v(s) - 4*u(s). What are the prime factors of b(-1)?
2
Suppose -31 = -f - 10. List the prime factors of f.
3, 7
Suppose y - 1 = 2. Suppose 21 - 3 = y*d. Suppose 5*c - d*c + 12 = 0. List the prime factors of c.
2, 3
Suppose 3*y + x = -287, 0 = -4*y - 0*y + x - 392. Let u = y + 137. What are the prime factors of u?
2, 5
Let c be 6/(-4)*20/(-15). List the prime factors of (c - (-16)/(-14))*14.
2, 3
Let p(i) = 3*i + 1. Let f be 6/(-1)*36/(-27). What are the prime factors of p(f)?
5
Suppose -5 = n - 0*n. What are the prime factors of 34/5 - 1/n?
7
Let n be 0/(1/(-1 + 0)). Suppose 0 = -n*s + 5*s - 240. What are the prime factors of s?
2, 3
What are the prime factors of ((-79)/(-3))/((-5)/(-30))?
2, 79
Let k be (-1)/(2 + 0 + -1). Let h be 9/k - 0/4. Let d = 23 + h. List the prime factors of d.
2, 7
Let c(d) = 63*d**3 - d**2 + d + 1. Let b be c(-1). Let v = 99 + b. Suppose 5*u - 30 = v. What are the prime factors of u?
13
Suppose 1 + 10 = -3*c + 2*s, 3*s = -2*c + 10. Let l = 2 - c. What are the prime factors of 1*(13 - (l + -5))?
3, 5
Suppose 5*y = 1 + 19. Let t(z) = z + 4 - y. List the prime factors of t(4).
2
Let k = -171 + 245. Suppose -k = -2*t + 4*i, 0 = t + 4*i - 0*i - 31. List the prime factors of t.
5, 7
Suppose v = 3*d - 4*d + 123, 492 = 4*v + d. What are the prime factors of v?
3, 41
What are the prime factors of 3/2 + (-22)/(-4)?
7
Let w(k) = 29*k + 5. List the prime factors of w(2).
3, 7
Let c be (-1*1)/((-4)/12). Suppose 0 = -3*t + 5*x - 10, 0 = 2*t - c*x - 2*x + 15. List the prime factors of t.
5
Let a = 4 - 1. Suppose -w = -a*w. Let g = w + 2. List the prime factors of g.
2
Suppose w - 6 - 6 = 0. Let v = w - 6. List the prime factors of v.
2, 3
Suppose -5*l = -k, 17 = 3*k - l - 25. Suppose -3*m = k - 0. List the prime factors of 4/m*15/(-2).
2, 3
Let h(w) = 4*w**2 + 13*w + 13. List the prime factors of h(-6).
79
Let f = 63 + 91. What are the prime factors of f?
2, 7, 11
Suppose -3*m = 5*w - 21, -2*w = -m - 0*w - 4. List the prime factors of 4 + 0/m + 8.
2, 3
Let q(w) = -3*w + 0*w + 2*w + 1. Suppose f + 3*f + 2*n = -46, 0 = n + 5. What are the prime factors of q(f)?
2, 5
Suppose h - 3 = -20. Let z = h + 31. What are the prime factors of z?
2, 7
List the prime factors of 3 + -1 + (-32 - 1)/(-1).
5, 7
Let r(v) = 62*v**2 + v + 1. Let s be r(-1). Let u = 34 - s. Let p = u - -46. List the prime factors of p.
2, 3
Let h = -13 - -21. What are the prime factors of (-8)/32 - (-138)/h?
17
Let v be 0*(-1)/4 + -4. List the prime factors of v - -16*1 - 1.
11
What are the prime factors of 183/4 + (-5)/(-20)?
2, 23
Let j be (-2)/(-2) + 0 + -1. Suppose -3*y + 15 = -j. What are the prime factors of y?
5
Let x(q) = q**3 - 7*q**2 + 5*q + 2. Let i be x(6). Let l = i + 5. Let g = l - -9. What are the prime factors of g?
2, 5
What are the prime factors of (642/18)/(6/18)?
107
Let p(h) = h**3 + 7*h**2 - 9*h - 14. List the prime factors of p(-6).
2, 19
List the prime factors of (42 - 0)/(-16 + 17).
2, 3, 7
Let z(n) = -n**2 + 12*n + 2. Let k be z(12). Let x be (-39)/6 + (-1)/k. Let g = 5 - x. What are the prime factors of g?
2, 3
Suppose 4*k - 203 = 17. Suppose k = 5*b + 4*s, 5*b + s + s = 55. What are the prime factors of b?
11
Let i(k) = -4*k**3 - 1. What are the prime factors of i(-2)?
31
Let g = -59 + 115. What are the prime factors of g?
2, 7
Let a(y) = y**3 - 5*y**2 + 2*y - 5. Let f be a(5). Suppose -2*h + 22 = 2*x + 2, -22 = -x + f*h. What are the prime factors of x?
2, 3
Let w = 52 + -13. Let d = 59 - w. List the prime factors of d.
2, 5
Suppose 0 = 2*x - 2*t + 2, 2*x - 3*t = 2*t - 17. Let s(d) = 2 + 6*d - d**2 + 0 - 6. What are the prime factors of s(x)?
2
Let r(c) = c**2 - 3. Let k be r(3). Suppose 0 = -k*o + o + 55. What are the prime factors of o?
11
Suppose -r + 5*f = -3*r + 244, 3*r - 4*f - 343 = 0. What are the prime factors of r?
3, 13
Let r(w) = w + 1. Let b be r(3). Suppose 71 = -b*p - 89. List the prime factors of p/(-6)*(-15)/(-10).
2, 5
Suppose b - 2 = 0, -2*q + b + 4*b = 0. List the prime factors of q.
5
Let k(x) = -8*x + 51. What are the prime factors of k(0)?
3, 17
Let r(n) = 3*n**2 + 19*n - 2. What are the prime factors of r(-10)?
2, 3
Suppose 3*u - 119 = 4*w, 5*w + 5 = -5. What are the prime factors of u?
37
Suppose 9*i = 15*i - 930. List the prime factors of i.
5, 31
Let j = 8 - 5. Suppose 4*d - 50 = -3*o, -o + 46 = j*o - 5*d. List the prime factors of o.
2, 7
Suppose -4*z - 4 = 2*g - 6, 0 = g - 2*z - 1. Let n = 8 - g. List the prime factors of n.
7
Suppose 98 = 5*f + 5*r - 122, -5*r + 32 = f. What are the prime factors of f?
47
Let i be (-12)/42 - (-60)/14. Suppose x - i - 12 = 3*f, 4*f + 15 = -5*x. Let u(k) = 12*k**2. List the prime factors of u(x).
2, 3
Suppose 2*y - 3*y + 2*c + 42 = 0, -4*y - 3*c = -168. What are the prime factors of y?
2, 3, 7
Let n be (-2 - -2)/3 + -2. What are the prime factors of (-78)/n*(-2)/(-6)?
13
Let q(n) = n + 16. Let l be q(0). List the prime factors of 6*(-3)/6 + l.
13
Let y be ((-3)/(-2))/(3/4). Let q be (-1 + 1)*y/(-4). Suppose -5*g + 5*a + q*a + 35 = 0, -29 = -3*g + 5*a. What are the prime factors of g?
3
Let s = 253 + -95. What are the prime factors of s?
2, 79
Suppose -4*d + 8*d = 0. Suppose 4*k - 3 - 9 = d. What are the prime factors of k?
3
Suppose 0 = 2*l - 63 - 17. What are the prime factors of l?
2, 5
Let k be -55 + 3 + (-12)/2. Let y = 83 + k. Suppose b = 2*f - y, 2*b - 16 = -4*f + 14. What are the prime factors of f?
2, 5
Suppose -2*m - 2 = -0*s - 2*s, 3*s - 2*m = 4. Let f be (1/2)/(s/4). Suppose -j + 8 = f. List the prime factors of j.
7
Let t(c) be the first derivative of c**4/4 - 2*c**3/3 - 3*c**2 + 3*c - 2. List the prime factors of t(4).
11
Suppose -5*j + 2*p = -547, 2*p = -j - 0*p + 119. What are the prime factors of j?
3, 37
List the prime factors of 396/39 + 2/(-13).
2, 5
Let w = -5 + 10. Let o = 131 - 71. Suppose w*v - o = -5*b, 0 = v + 2*v + 4*b - 37. List the prime factors of v.
11
Suppose j - 3 = -1. Suppose 3*y - j*y = 10. List the prime factors of y.
2, 5
Suppose 5*k = -0*k + 4*w + 540, 0 = -4*w + 20. What are the prime factors of k?
2, 7
Suppose -q + j = -5*q + 15, -5*q + 2*j + 22 = 0. Suppose q*r - 18 = r. What are the prime factors of r?
2, 3
Let v = -3 - -13. Let p(q) = 4 + 3 + q - v. What are the prime factors of p(6)?
3
Suppose -4*l + 510 = 2*g, 3*g - g = -3*l + 513. What are the prime factors of g?
3, 29
List the prime factors of 1 + 6 + -3 + 193.
197
Suppose 4*l = 5*d - 10, 4*l - l = d - 2. Let i be 1 - (1 + (2 - d)). Let f = 6 - i. What are the prime factors of f?
2, 3
Let y = -5 + 4. Let j = 5 + y. Suppose 2*t + 2*x = 5 + 5, -3*t + j*x = -15. List the prime factors of t.
5
Let v = 209 + -107. List the prime factors of v.
2, 3, 17
Let w(i) = 4*i + 1. Let f(o) = 3*o + 2. Let l(r) = 2*f(r) - 3*w(r). Let v = 1 - 2. What are the prime factors of l(v)?
7
Let g(u) = -u**2 + 11*u - 2. Let x be g(6). Suppose 4*v - 81 = -5*l, -4*l + 2*v + 16 = -x. Let o = l + -6. What are the prime factors of o?
7
Let a = -11 + 16. Let k be -1 - (0/(-1) + -1). Suppose -5*b - d + 60 = d, k = 5*b - a*d - 25. What are the prime factors of b?
2, 5
Let o = 2 + -3. Let z = o + 9. What are the prime factors of z?
2
Suppose -2*m + 0*m = 0. Suppose -3*u + 0*u + 4*s = 4, m = 3*u - 3*s. Suppose 3*y = 29 + u. What are the prime factors of y?
11
Let i(v) = -v - 1. Let y be i(3). Let g be (-4)/(-6)*(-6)/y. What are the prime factors of ((-1)/(-3))/(g/15)?
5
Suppose 4*u - 3*r = 20, -4*u + 3*r + 4 = 4*r. What are the prime factors of u/3 + 140/6?
2, 3
Let k(p) = p + 1. Let v be k(-6). What are the prime factors of (-2)/v + (-18)/(-5)?
2
Let q(v) = -v**2 - 10*v - 9. Let j be q(-9). Suppose -74 = -5*o - j*r - 2*r, 3*o = -r + 45. What are the prime factors of o?
2
Let n(r) = -r**3 + 7*r**2 + 1. Let b be n(7). Let s be 18*(b - 7/3). What are the prime factors of (s/5)/(-4)*10?
2, 3
Let j = 29 + 90. What are the prime factors of j?
7, 17
Let w(m) = -9 - 2*m + 4*m - 2 + 4. List the prime factors of w(5).
3
Let w = 2 + 96. Let l = w - 48. List the prime factors 